?
606120
In base 8, what is -13125 + 543?
-12362
In base 13, what is -74 + -12b9?
-1360
In base 5, what is -4234 + 0?
-4234
In base 13, what is -28615 + -12?
-28627
In base 16, what is -46c9 - -8b?
-463e
In base 8, what is 11005675 + 5?
11005702
In base 15, what is -5 - -78024?
7801e
In base 13, what is -27072 + 1?
-27071
In base 6, what is 23552333 + -4?
23552325
In base 2, what is 101010100101 - 1110010?
101000110011
In base 6, what is -20 + 115250?
115230
In base 2, what is -10 + -11101011110100111?
-11101011110101001
In base 4, what is 2302 + -20220?
-11312
In base 10, what is 21 + -5596?
-5575
In base 13, what is -4a60 + 22?
-4a3b
In base 6, what is -10450401 - 10?
-10450411
In base 16, what is -3 - 1ef2?
-1ef5
In base 14, what is -1467 - -42?
-1425
In base 13, what is 0 - -1460?
1460
In base 9, what is 12 - -21382?
21404
In base 9, what is -635585 + -2?
-635587
In base 15, what is e - -ac2c?
ac3b
In base 7, what is 1544 + 10435?
12312
In base 13, what is -12b - -672?
544
In base 2, what is -1001110100001011 + 1001110?
-1001110010111101
In base 2, what is -100110011100 - -11?
-100110011001
In base 14, what is -58 + -527?
-581
In base 10, what is 15973 - 1?
15972
In base 4, what is 220132 - -10331?
231123
In base 15, what is 2 - -9632?
9634
In base 8, what is 1421050 + 1?
1421051
In base 15, what is -1137c + 6?
-11376
In base 3, what is 12111 + 1112220?
1202101
In base 12, what is -270767 + -11?
-270778
In base 7, what is 2015 + 50?
2065
In base 3, what is -101022 - -1112?
-22210
In base 6, what is -1001 + -1233?
-2234
In base 12, what is -22970 - 38?
-229a8
In base 6, what is -4341 + 140?
-4201
In base 2, what is 1011101100 + 11101101000?
101001010100
In base 11, what is -2307 - -14?
-22a3
In base 12, what is 1747 - 7?
1740
In base 10, what is 8 + -4664?
-4656
In base 5, what is 300102 - -122?
300224
In base 7, what is 126 + -465?
-336
In base 5, what is 114 + 22300?
22414
In base 7, what is 0 - 62402?
-62402
In base 8, what is -651221 - -3?
-651216
In base 15, what is 52ea + -9?
52e1
In base 3, what is 102220 - 201112222?
-201010002
In base 15, what is -1bc - -eb?
-c1
In base 13, what is 7 - 12a8c?
-12a85
In base 10, what is -663 - -10?
-653
In base 8, what is 12 + 13265?
13277
In base 7, what is 216340 + 3?
216343
In base 12, what is 3 + -103882?
-10387b
In base 11, what is 1056 - 18a?
977
In base 6, what is 255 - -215105?
215404
In base 4, what is -10 - -3231001?
3230331
In base 9, what is 16 - -5203?
5220
In base 14, what is -494 + -644?
-ad8
In base 11, what is -27 + -1207?
-1233
In base 8, what is 322411 - 0?
322411
In base 8, what is 33 + -17760?
-17725
In base 11, what is -4587 + -3?
-458a
In base 11, what is -2141579 + 1?
-2141578
In base 5, what is -33044 - -1320?
-31224
In base 9, what is -6 + -3724?
-3731
In base 2, what is -1111100110100010 - 10?
-1111100110100100
In base 9, what is 312351 - 26?
312324
In base 7, what is 661211 + -1?
661210
In base 15, what is 18 + 428b?
42a4
In base 6, what is 153 - 4524?
-4331
In base 5, what is -103341212 - 4?
-103341221
In base 11, what is 4 + 147831?
147835
In base 5, what is 10 + -344030?
-344020
In base 4, what is -20 + 1302233301?
1302233221
In base 2, what is -1100101010001110100 + -10?
-1100101010001110110
In base 12, what is 3aa + 495?
883
In base 14, what is 0 + 13d06?
13d06
In base 10, what is -6355 - -11?
-6344
In base 15, what is -7 - -9846?
983e
In base 12, what is -26 + 455?
42b
In base 16, what is 1cb - -f4?
2bf
In base 5, what is 31234 + 1212?
33001
In base 2, what is -1010 - 1001100010111001?
-1001100011000011
In base 7, what is 2 - 12264?
-12262
In base 11, what is 52 - 126?
-84
In base 12, what is -21 + -25198?
-251b9
In base 5, what is -101 - -4?
-42
In base 16, what is 491e7 + 3?
491ea
In base 11, what is -69 - 525?
-593
In base 5, what is 400 - -3304?
4204
In base 15, what is -e235 + 0?
-e235
In base 6, what is 5 - 114015?
-114010
In base 9, what is -867 + 65?
-802
In base 11, what is 28 + -2679?
-2651
In base 9, what is 3 + 1683408?
1683412
In base 10, what is 51 - 321?
-270
In base 10, what is 58 + -3067?
-3009
In base 15, what is -195 + -10?
-1a5
In base 9, what is 2 - 21830?
-21827
In base 5, what is 13 + -131201?
-131133
In base 2, what is -1111001 + 101011101?
11100100
In base 6, what is 2 + -314150?
-314144
In base 14, what is 120b0 - -5?
120b5
In base 14, what is -13d - -93?
-8a
In base 9, what is 1081 + 657?
1748
In base 3, what is 2 + 2112210121?
2112210200
In base 15, what is -cee9 - -3?
-cee6
In base 13, what is 3 + 114535?
114538
In base 9, what is -128137 - 1?
-128138
In base 4, what is -102030133 - 11?
-102030210
In base 7, what is 42 + -2011?
-1636
In base 7, what is 62463 + 63?
62556
In base 14, what is 1419d8 + b?
141a05
In base 5, what is -20220104 + 0?
-20220104
In base 5, what is -2434 + 34330?
31341
In base 3, what is -1120022101 + 100?
-1120022001
In base 10, what is -43 - 3128?
-3171
In base 3, what is -10012020 - -121?
-10011122
In base 2, what is 10010001011101001110 + 101?
10010001011101010011
In base 13, what is -3 + 40a4?
40a1
In base 8, what is 0 + -16667?
-16667
In base 14, what is -5811 - 27?
-5838
In base 7, what is 1026 + -55055?
-54026
In base 5, what is -2010 - -342212?
340202
In base 16, what is -b + 41?
36
In base 12, what is a - -1417ba?
141808
In base 2, what is -11111011 + 11110011?
-1000
In base 15, what is 163c + 4bc?
1b09
In base 9, what is 5 - 562602?
-562586
In base 8, what is 2 - 1765?
-1763
In base 16, what is -1 + 4001?
4000
In base 5, what is -141430 - 13?
-141443
In base 14, what is 4b3 + -5?
4ac
In base 14, what is -a206a - 1?
-a206b
In base 16, what is 1b4 - -1be4?
1d98
In base 9, what is 511113 + 3?
511116
In base 13, what is -122c + 356?
-ba6
In base 5, what is 101403 - -420?
102323
In base 12, what is b8815 - -3?
b8818
In base 4, what is 103 - -222?
331
In base 5, what is -3211424 - 2?
-3211431
In base 9, what is 118127 - -2?
118130
In base 2, what is 10100101110 + -1111?
10100011111
In base 5, what is -1320341 - 1110?
-1322001
In base 7, what is -5204 + 16?
-5155
In base 11, what is -793010 - 3?
-793013
In base 13, what is 8 + a4a9c?
a4aa7
In base 6, what is 35 + -54515?
-54440
In base 9, what is 3 - 38768?
-38765
In base 14, what is -567 - 152?
-6b9
In base 12, what is 61 - 108?
-67
In base 10, what is 32 - 11?
21
In base 16, what is -778e + -4?
-7792
In base 3, what is 0 - 122101212100?
-122101212100
In base 6, what is -34 - -1040004?
1035530
In base 16, what is f7ab - -4?
f7af
In base 10, what is 431 - -190?
621
In base 15, what is d - 415b?
-414d
In base 5, what is -1 - 3433102?
-3433103
In base 2, what is 110101100101000111 - 11?
110101100101000100
In base 3, what is 12212 + -1010210?
-220221
In base 6, what is -20041 - 104?
-20145
In base 6, what is -3 - 441232?
-441235
In base 10, what is 45666 - 7?
45659
In base 8, what is -266 - -301?
13
In base 12, what is -8382 - -4?
-837a
In base 2, what is 1011111 + -1010100011010000?
-1010100001110001
In base 10, what is -209665 + 3?
-209662
In base 16, what is e5b - -38a?
11e5
In base 10, what is -5 - 7905?
-7910
In base 6, what is -4454 + -104?
-5002
In base 9, what is -70 + 623?
543
In base 10, what is 1 - 47329?
-47328
In base 13, what is 5456 - -12?
5468
In base 14, what is 3953 - 1c?
3935
In base 7, what is -61061 + -5?
-61066
In base 15, what is -d9 - -209?
120
In base 12, what is -3 + -43769?
-43770
In base 12, what is 1 - 2b51?
-2b50
In base 5, what is 231 - -30331?
31112
In base 9, what is -16357 + -4?
-16362
In base 13, what is -a38a + 0?
-a38a
In base 15, what is 7e7a1 + 5?
7e7a6
In base 3, what is 10 - 111202111?
-111202101
In base 3, what is 12010 - -10000112?
10012122
In base 14, what is -7 + 98d?
986
In base 6, what is 400 + -23?
333
In base 7, what is -1 - -6152101?
6152100
In base 3, what is 12 + 2121122?
2121211
In base 12, what is 2 + 5042?
5044
In base 15, what is 26058 - -9?
26062
In base 5, what is 1 + -23120334?
-23120333
In base 6, what is -1451 - -5041?
3150
In base 13, what is 29c3 + -9?
29b7
In base 14, what is -6 - -2c755?
2c74d
In base 10, what is 178 + 2074?
2252
In base 15, what is 6299 - 2?
6297
In base 16, what is -30 - -12b2?
1282
In base 2, what is -10 + -1111110110101?
-1111110110111
In base 9, what is 1 + -1562711?
-156271